 (-35450)/(-225) - (44/9)/(-11)?
155
Let o(z) = -3*z - 14. Suppose -3*b - 16 = -7*b. Suppose -2*x + b*x = -24. Calculate the remainder when o(x) is divided by 13.
9
Calculate the remainder when (-271)/(-1) + -21 + -2 + 17 is divided by 43.
7
Suppose -10*g + 1968 = -6*g. Let l be (-36 - 0)*g/(-18). What is the remainder when 4/(-22) - l/(-88) is divided by 4?
3
Let g be (-1)/(5/(-2521)) - (-2)/(-10). Let l be g - (-4 - (-1 + -3)). Suppose 7*c + 5*c - l = 0. What is the remainder when c is divided by 9?
6
Let p be (-2)/10*(-12 - -7). Suppose 4*b + 0*b = -2*k + 280, 0 = 5*k - 2*b - 712. What is the remainder when k is divided by p/(3/(91 + -4))?
26
Suppose -726 = -16*p - 115 + 237. Calculate the remainder when 634 is divided by p.
51
Suppose 0 = 2*p - y - 61, 1428*y - 1431*y = 2*p - 49. Calculate the remainder when ((-18)/(-4))/(1/38) is divided by p.
26
Let r = -6147 + 6163. What is the remainder when 1198 is divided by r?
14
Let l(s) = -10*s + 151. Suppose -2*n + 13 + 7 = 2*x, 4*n = 5*x + 13. Calculate the remainder when l(n) is divided by 30.
21
Let k(m) = -m**2 + 17*m + 13. Let d be k(15). Suppose 0 = 7*z + 461 + d. Let r = 83 + z. Calculate the remainder when 52 is divided by r.
8
Suppose 5*x = -4*a + 87, x + a - 5*a = 3. Suppose -7*j = -313 + 89. What is the remainder when j is divided by x?
2
Let d = -389 + 393. Suppose d*c = -2*r + 174, 4*c - 8*r = -3*r + 153. Calculate the remainder when c is divided by 23.
19
Suppose -c - 2*c + 15 = 0. Suppose c - 26 = -m. Suppose 63*i = 68*i - 2*j - 9, -5*j = -5*i. Calculate the remainder when m is divided by i.
0
Calculate the remainder when -3*2/(-54) + 13778012/1116 is divided by 98.
96
Suppose l - 40 = 3*m, -4*l - 3*m - m + 176 = 0. Calculate the remainder when 211 is divided by l/(-8) + (-12)/(-32) + 58.
52
Suppose -275*i + 475 = -274*i - 5*g, 1569 = 3*i + 3*g. What is the remainder when 1561 is divided by i?
16
Suppose -54*y + 1275 = -1119 - 954. What is the remainder when y is divided by 37?
25
Suppose 6*t - 1631 = 709. Suppose -20*v + t - 150 = 0. What is the remainder when (-273)/(-6) - 1/2 is divided by v?
9
Let o(c) = 14*c + 17. Let r(v) = v**3 + 7*v**2 - 6*v + 12. Let i be r(-8). Let b be o(i). Let p = b + 80. What is the remainder when 162 is divided by p?
39
Suppose 5*o - 2*z - 2*z = 615, 0 = 4*z. Let b = o - 237. Let x = b + 209. Calculate the remainder when x is divided by 25.
20
Suppose -7*j + 1008 + 98850 = 260*j. Calculate the remainder when 1145 is divided by j.
23
Let p = 672 - 417. Let v = 279 - p. What is the remainder when 35 is divided by v?
11
Let n(l) = -1558*l + 8846. What is the remainder when 2116 is divided by n(5)?
4
Let d(s) = -3*s**3 + 30*s**2 + 2*s - 11. Let p be d(10). Calculate the remainder when 599 is divided by (-158)/(-12) + p + (-49)/6.
11
Let i be 4/(32/(-1014)) + (-2)/8. Let s = 63 + i. Calculate the remainder when (48/s)/(106/(-104) + 1) is divided by 15.
9
Calculate the remainder when (-4269)/(1 + 2)*6/(4 + -10) is divided by 27.
19
Let h(s) = 6*s**2 - 91*s + 13. Let l be h(15). Calculate the remainder when 250 is divided by 1/l + ((-282)/(-12) - 0).
20
Suppose -61*z + 68*z + 209 = 4*n, 2*n = 6*z + 132. What is the remainder when 2/5 - (-796)/10 is divided by n?
14
Let b(p) = 57*p + 10401. Let a(m) = 4*m**3 - m. Calculate the remainder when b(-182) is divided by a(1).
0
What is the remainder when 2 + 0 + 169/2 + 9/6 is divided by 34?
20
Let k(g) = -226*g**3 - 8 + 110*g**3 + 4*g - 16*g + 115*g**3 - 3*g**2. Let x = 1 - 6. What is the remainder when k(x) is divided by 35?
32
Suppose 4*z = -0*z, 0 = -5*u + z + 65. Suppose 2*w = -5*h + 106, -3*h + 8*h + 38 = w. Calculate the remainder when w is divided by u.
9
Let g(a) = a**2 + 7*a + 13. Let r be g(11). Suppose 3*s + r = 5*y + 22, 4*y - s - 154 = 0. What is the remainder when y is divided by 4?
3
Let l(k) = -21*k + 10. Let h be (3 + -1)/(-1) - -1 - 1. What is the remainder when 154 is divided by l(h)?
50
Suppose 2*d - 5*z + 4 = -2*z, 16 = 4*z. Suppose -4*r + 44 = d*w, 7 = 2*r + 4*w + w. What is the remainder when r is divided by ((-297)/(-132))/((-1)/(-4))?
7
Let f = -1083 - -1943. What is the remainder when f is divided by 66?
2
Suppose -2*j - j + 3*l = 69, l + 3 = 0. Let s = 41 + j. What is the remainder when s is divided by 5/(((-12)/8)/(117/(-65)))?
3
Suppose 22*g = 78 + 10. Calculate the remainder when (-1)/(35/(-7620)) + g/14 is divided by 48.
26
What is the remainder when 145 + (3 + 3)/2 is divided by (4 + 4*39/12)/(-19 + 20)?
12
Suppose 0 = -28*v + 37 - 65. Let a(l) = -98*l + 45. Calculate the remainder when a(v) is divided by 21.
17
Suppose 0 = -5*y + 28 + 72. Let v be ((-12)/(-4))/((-15)/y). What is the remainder when v - (-23 - 3 - -4) is divided by 10?
8
Let b = -31572 + 31595. Calculate the remainder when 666 is divided by b.
22
Let d = -1187 + 1250. What is the remainder when d is divided by (-3)/(-9)*(0 - -33)?
8
Let t(z) be the first derivative of -z**4/4 + 2*z**3 + 16*z**2 - 14*z - 88. Let x = 6 + 2. Calculate the remainder when t(9) is divided by x.
7
Let o(v) = -46*v**2 - 2*v + 1. Let i(c) = 2*c**2 - 2*c. Let m(r) = -5*i(r) - o(r). What is the remainder when 41 is divided by m(-1)?
18
Let z be -1*-165*8/(-6). Calculate the remainder when 175 is divided by ((-30)/(-25))/((-6)/z).
43
Suppose -6*q - 14*q + 445 = -335. What is the remainder when 2879 is divided by q?
32
Let r(o) = -2*o**3 - 54*o**2 + 37*o - 108. What is the remainder when 859 is divided by r(-28)?
11
Suppose 0 = -5*w + 451 - 521. Let l(a) = -a**2 - 19*a - 55. What is the remainder when 44 is divided by l(w)?
14
Let t(g) = g**3 - 4*g**2 + 9*g + 505. What is the remainder when 1033 is divided by t(0)?
23
Suppose 5*x + 33 = y - 92, 4*y = 2*x + 410. Let l = 203 - y. What is the remainder when l is divided by 46?
11
Let s = 9285 + -9039. What is the remainder when 7131 is divided by s?
243
Suppose 0 = 3*n + 2 + 7, 4*b + 5*n + 83 = 0. Let p = 120 - b. Suppose -15 = -2*o + 25. Calculate the remainder when p is divided by o.
17
Let k = 8559 - 3507. Calculate the remainder when k is divided by 163.
162
Let a = 18651 - 10882. What is the remainder when a is divided by 58?
55
Let p(z) = 2*z**2 + 26*z - 11. Let y be p(-22). What is the remainder when 46 is divided by y/33 + 1/3?
10
Suppose 321 = 141*c - 108*c - 2781. Calculate the remainder when c is divided by 28.
10
Let w = -14385 - -14433. Calculate the remainder when 52 is divided by w.
4
Let s = 16 - 12. Let k = -205 - -204. Calculate the remainder when k/s - (-471)/12 is divided by 21.
18
Suppose -7*x - 7*x + 910 = 0. Suppose -6*p + 185 = x. What is the remainder when 68 is divided by p?
8
Let u(b) = b**3 - 30*b**2 + 36*b + 87. Calculate the remainder when u(29) is divided by 19.
5
Suppose -35 = -3*v + 46. Let b(u) = u**2 + 10783*u + 43185. What is the remainder when b(-4) is divided by v?
15
Let k(c) = c**2 + c + 2. Suppose 128 = 18*n - 178. Suppose 1935 = n*x - 2*x. Calculate the remainder when x is divided by k(-7).
41
Let z(x) = -x**3 - x**2 - 2*x + 83. Let k be z(-14). Suppose -25*h + 2666 = -k. What is the remainder when h is divided by 12?
9
Let g = -87 + 190. Let y(z) = -2*z + 26. Let c be y(12). Suppose 5*n + c*u = 275, 13*u + 86 = 2*n + 9*u. What is the remainder when g is divided by n?
50
Let v be 37/222 - ((-7)/(-6) - 1). Suppose v = -21*b + 14*b + 217. What is the remainder when b is divided by 12?
7
Let g = 87 + 285. Suppose -4*p - b + g = 0, -p = -16*b + 14*b - 93. What is the remainder when p is divided by 49?
44
Let g(y) = -y**3 + 11*y**2 + 2*y - 123. Let x be g(10). What is the remainder when (-1200)/x + -12 + 2 + 6 is divided by 40?
36
Suppose 92372 = -887*x + 901*x. Calculate the remainder when x is divided by 30.
28
Let p be (-69)/(-21) + (-16)/56. Let m(d) = d**3 - 2*d**2 + d - 2. What is the remainder when 59 is divided by m(p)?
9
Suppose 3*v - 201 = -0*v. Let n = 1320 + -924. What is the remainder when v is divided by 17/(153/n) - 9?
32
Let a(b) = -b**3 + 8*b**2 + 21*b - 17. Let i be a(11). Let g = i + 178. What is the remainder when 198 is divided by g?
24
Let n(z) = 9*z + 204. Suppose 0 = 5*s + 22 + 83. Calculate the remainder when 72 is divided by n(s).
12
Calculate the remainder when 2*9/30 + (-708935)/(-1775) is divided by 14.
8
Let l = 8521 - 8358. Cal